{"id":2,"date":"2015-10-23T23:59:30","date_gmt":"2015-10-23T21:59:30","guid":{"rendered":""},"modified":"2024-11-26T12:35:27","modified_gmt":"2024-11-26T11:35:27","slug":"home","status":"publish","type":"page","link":"https:\/\/www.alleswasmichgluecklichmacht.at\/startseite\/","title":{"rendered":"Home"},"content":{"rendered":"\t\t<div data-elementor-type=\"wp-page\" data-elementor-id=\"2\" class=\"elementor elementor-2\" data-elementor-post-type=\"page\">\n\t\t\t\t<div class=\"elementor-element elementor-element-521d88b e-flex e-con-boxed e-con e-parent\" data-id=\"521d88b\" data-element_type=\"container\" data-e-type=\"container\">\n\t\t\t\t\t<div class=\"e-con-inner\">\n\t\t\t\t<div class=\"elementor-element elementor-element-79111ae elementor-grid-1 elementor-grid-tablet-2 elementor-grid-mobile-1 elementor-posts--thumbnail-top elementor-widget elementor-widget-posts\" data-id=\"79111ae\" data-element_type=\"widget\" data-e-type=\"widget\" data-settings=\"{&quot;classic_columns&quot;:&quot;1&quot;,&quot;classic_columns_tablet&quot;:&quot;2&quot;,&quot;classic_columns_mobile&quot;:&quot;1&quot;,&quot;classic_row_gap&quot;:{&quot;unit&quot;:&quot;px&quot;,&quot;size&quot;:35,&quot;sizes&quot;:[]},&quot;classic_row_gap_tablet&quot;:{&quot;unit&quot;:&quot;px&quot;,&quot;size&quot;:&quot;&quot;,&quot;sizes&quot;:[]},&quot;classic_row_gap_mobile&quot;:{&quot;unit&quot;:&quot;px&quot;,&quot;size&quot;:&quot;&quot;,&quot;sizes&quot;:[]}}\" data-widget_type=\"posts.classic\">\n\t\t\t\t<div class=\"elementor-widget-container\">\n\t\t\t\t\t\t\t<div class=\"elementor-posts-container elementor-posts elementor-posts--skin-classic elementor-grid\" role=\"list\">\n\t\t\t\t<article class=\"elementor-post elementor-grid-item post-71 post type-post status-publish format-standard has-post-thumbnail hentry category-diy category-kinderwelt category-weihnachten tag-advent tag-adventkalender-basteln tag-adventskalender tag-diy tag-karton tag-lackstift tag-plexiglaskugeln tag-schachteln tag-spannschachteln tag-spruehschnee tag-tannenbaum tag-waldtiere tag-weihnachten tag-xmas\" role=\"listitem\">\n\t\t\t\t<a class=\"elementor-post__thumbnail__link\" href=\"https:\/\/www.alleswasmichgluecklichmacht.at\/startseite\/winterdorf-adventkalender\/\" tabindex=\"-1\">\n\t\t\t<div class=\"elementor-post__thumbnail\"><img fetchpriority=\"high\" decoding=\"async\" width=\"1536\" height=\"1152\" src=\"https:\/\/www.alleswasmichgluecklichmacht.at\/startseite\/wp-content\/uploads\/2014\/07\/Winterdorf_Adventskalender3.jpg\" class=\"attachment-1536x1536 size-1536x1536 wp-image-5475\" alt=\"\" srcset=\"https:\/\/www.alleswasmichgluecklichmacht.at\/startseite\/wp-content\/uploads\/2014\/07\/Winterdorf_Adventskalender3.jpg 3264w, https:\/\/www.alleswasmichgluecklichmacht.at\/startseite\/wp-content\/uploads\/2014\/07\/Winterdorf_Adventskalender3-300x225.jpg 300w, https:\/\/www.alleswasmichgluecklichmacht.at\/startseite\/wp-content\/uploads\/2014\/07\/Winterdorf_Adventskalender3-1024x768.jpg 1024w, https:\/\/www.alleswasmichgluecklichmacht.at\/startseite\/wp-content\/uploads\/2014\/07\/Winterdorf_Adventskalender3-73x55.jpg 73w\" sizes=\"(max-width: 1536px) 100vw, 1536px\" \/><\/div>\n\t\t<\/a>\n\t\t\t\t<div class=\"elementor-post__text\">\n\t\t\t\t<h3 class=\"elementor-post__title\">\n\t\t\t<a href=\"https:\/\/www.alleswasmichgluecklichmacht.at\/startseite\/winterdorf-adventkalender\/\">\n\t\t\t\tWinterdorf Adventkalender\t\t\t<\/a>\n\t\t<\/h3>\n\t\t\t\t<div class=\"elementor-post__excerpt\">\n\t\t\t<p>Meiner erster selbstgebastelter Adventkalender ist fertig! Gerade noch\u00a0rechtzeitig, denn in 2 Tagen wird mein kleiner Sohn schon das erste &#8222;T\u00fcrchen&#8220; \u00f6ffnen! Und ich bin schon<\/p>\n\t\t<\/div>\n\t\t\n\t\t<a class=\"elementor-post__read-more\" href=\"https:\/\/www.alleswasmichgluecklichmacht.at\/startseite\/winterdorf-adventkalender\/\" aria-label=\"Mehr \u00fcber Winterdorf Adventkalender\" tabindex=\"-1\">\n\t\t\tWeiterlesen\t\t<\/a>\n\n\t\t\t\t<\/div>\n\t\t\t\t<\/article>\n\t\t\t\t<\/div>\n\t\t\n\t\t\t\t\t\t<\/div>\n\t\t\t\t<\/div>\n\t\t\t\t\t<\/div>\n\t\t\t\t<\/div>\n\t\t<div class=\"elementor-element elementor-element-e947fe3 e-flex e-con-boxed e-con e-parent\" data-id=\"e947fe3\" data-element_type=\"container\" data-e-type=\"container\">\n\t\t\t\t\t<div class=\"e-con-inner\">\n\t\t\t\t<div class=\"elementor-element elementor-element-a76496d elementor-posts--align-left elementor-grid-3 elementor-grid-tablet-2 elementor-grid-mobile-1 elementor-posts--thumbnail-top elementor-posts--show-avatar elementor-card-shadow-yes elementor-posts__hover-gradient elementor-widget elementor-widget-posts\" data-id=\"a76496d\" data-element_type=\"widget\" data-e-type=\"widget\" data-settings=\"{&quot;cards_masonry&quot;:&quot;yes&quot;,&quot;cards_columns&quot;:&quot;3&quot;,&quot;cards_columns_tablet&quot;:&quot;2&quot;,&quot;cards_columns_mobile&quot;:&quot;1&quot;,&quot;cards_row_gap&quot;:{&quot;unit&quot;:&quot;px&quot;,&quot;size&quot;:35,&quot;sizes&quot;:[]},&quot;cards_row_gap_tablet&quot;:{&quot;unit&quot;:&quot;px&quot;,&quot;size&quot;:&quot;&quot;,&quot;sizes&quot;:[]},&quot;cards_row_gap_mobile&quot;:{&quot;unit&quot;:&quot;px&quot;,&quot;size&quot;:&quot;&quot;,&quot;sizes&quot;:[]}}\" data-widget_type=\"posts.cards\">\n\t\t\t\t<div class=\"elementor-widget-container\">\n\t\t\t\t\t\t\t<div class=\"elementor-posts-container elementor-posts elementor-posts--skin-cards elementor-grid\" role=\"list\">\n\t\t\t\t<article class=\"elementor-post elementor-grid-item post-6061 post type-post status-publish format-standard has-post-thumbnail hentry category-die-liebe-zum-backen category-torte tag-erdbeeren tag-quarktorte tag-sommer tag-topfentorte\" role=\"listitem\">\n\t\t\t<div class=\"elementor-post__card\">\n\t\t\t\t<a class=\"elementor-post__thumbnail__link\" href=\"https:\/\/www.alleswasmichgluecklichmacht.at\/startseite\/no-bake-topfentorte-mit-erdbeeren\/\" tabindex=\"-1\"><div class=\"elementor-post__thumbnail\"><img decoding=\"async\" width=\"750\" height=\"563\" src=\"https:\/\/www.alleswasmichgluecklichmacht.at\/startseite\/wp-content\/uploads\/2017\/06\/Topfen-Erdbeertorte5-768x576.jpg\" class=\"attachment-medium_large size-medium_large wp-image-6070\" alt=\"\" srcset=\"https:\/\/www.alleswasmichgluecklichmacht.at\/startseite\/wp-content\/uploads\/2017\/06\/Topfen-Erdbeertorte5-768x576.jpg 768w, https:\/\/www.alleswasmichgluecklichmacht.at\/startseite\/wp-content\/uploads\/2017\/06\/Topfen-Erdbeertorte5-300x225.jpg 300w, https:\/\/www.alleswasmichgluecklichmacht.at\/startseite\/wp-content\/uploads\/2017\/06\/Topfen-Erdbeertorte5-1024x768.jpg 1024w, https:\/\/www.alleswasmichgluecklichmacht.at\/startseite\/wp-content\/uploads\/2017\/06\/Topfen-Erdbeertorte5-73x55.jpg 73w, https:\/\/www.alleswasmichgluecklichmacht.at\/startseite\/wp-content\/uploads\/2017\/06\/Topfen-Erdbeertorte5.jpg 2016w\" sizes=\"(max-width: 750px) 100vw, 750px\" \/><\/div><\/a>\n\t\t\t\t<div class=\"elementor-post__badge\">Erdbeeren<\/div>\n\t\t\t\t<div class=\"elementor-post__avatar\">\n\t\t\t\t\t<\/div>\n\t\t\t\t<div class=\"elementor-post__text\">\n\t\t\t\t<h3 class=\"elementor-post__title\">\n\t\t\t<a href=\"https:\/\/www.alleswasmichgluecklichmacht.at\/startseite\/no-bake-topfentorte-mit-erdbeeren\/\">\n\t\t\t\tNo bake &#8211; Topfentorte mit Erdbeeren\t\t\t<\/a>\n\t\t<\/h3>\n\t\t\t\t<div class=\"elementor-post__excerpt\">\n\t\t\t<p>Juhu, endlich ist der Sommer da und auf den M\u00e4rkten gibt es die hei\u00df-ersehnten heimischen Erdbeeren. \u00a0Denn &#8211; auch wenn ich eigentlich im Winter geboren bin, \u00a0bin ich ein absolutes<\/p>\n\t\t<\/div>\n\t\t\n\t\t<a class=\"elementor-post__read-more\" href=\"https:\/\/www.alleswasmichgluecklichmacht.at\/startseite\/no-bake-topfentorte-mit-erdbeeren\/\" aria-label=\"Mehr \u00fcber No bake &#8211; Topfentorte mit Erdbeeren\" tabindex=\"-1\">\n\t\t\tWeiterlesen\t\t<\/a>\n\n\t\t\t\t<\/div>\n\t\t\t\t\t<\/div>\n\t\t<\/article>\n\t\t\t\t<article class=\"elementor-post elementor-grid-item post-5990 post type-post status-publish format-standard has-post-thumbnail hentry category-diy category-kinderwelt category-suesses category-weihnachten tag-advent tag-diy tag-lebkuchen tag-lebkuchenhaus tag-weihnachten\" role=\"listitem\">\n\t\t\t<div class=\"elementor-post__card\">\n\t\t\t\t<a class=\"elementor-post__thumbnail__link\" href=\"https:\/\/www.alleswasmichgluecklichmacht.at\/startseite\/unser-erstes-lebkuchenhaus\/\" tabindex=\"-1\"><div class=\"elementor-post__thumbnail\"><img decoding=\"async\" width=\"750\" height=\"563\" src=\"https:\/\/www.alleswasmichgluecklichmacht.at\/startseite\/wp-content\/uploads\/2016\/12\/Lebkuchenhaus6-768x576.jpg\" class=\"attachment-medium_large size-medium_large wp-image-6006\" alt=\"Lebkuchenhaus\" srcset=\"https:\/\/www.alleswasmichgluecklichmacht.at\/startseite\/wp-content\/uploads\/2016\/12\/Lebkuchenhaus6-768x576.jpg 768w, https:\/\/www.alleswasmichgluecklichmacht.at\/startseite\/wp-content\/uploads\/2016\/12\/Lebkuchenhaus6-300x225.jpg 300w, https:\/\/www.alleswasmichgluecklichmacht.at\/startseite\/wp-content\/uploads\/2016\/12\/Lebkuchenhaus6.jpg 1024w, https:\/\/www.alleswasmichgluecklichmacht.at\/startseite\/wp-content\/uploads\/2016\/12\/Lebkuchenhaus6-73x55.jpg 73w\" sizes=\"(max-width: 750px) 100vw, 750px\" \/><\/div><\/a>\n\t\t\t\t<div class=\"elementor-post__badge\">Advent<\/div>\n\t\t\t\t<div class=\"elementor-post__avatar\">\n\t\t\t\t\t<\/div>\n\t\t\t\t<div class=\"elementor-post__text\">\n\t\t\t\t<h3 class=\"elementor-post__title\">\n\t\t\t<a href=\"https:\/\/www.alleswasmichgluecklichmacht.at\/startseite\/unser-erstes-lebkuchenhaus\/\">\n\t\t\t\tUnser erstes Lebkuchenhaus!\t\t\t<\/a>\n\t\t<\/h3>\n\t\t\t\t<div class=\"elementor-post__excerpt\">\n\t\t\t<p>Unser erstes Lebkuchenhaus! &#8222;Knusper, Knuspert Kn\u00e4uschen, wer knuspert an meinem H\u00e4uschen &#8230; &#8220; \u00a0oder anders ausgedr\u00fcckt, heute m\u00f6chte ich Euch unsere Familienprojekt vom vorigen Wochenende zeigen. Wir haben unser erstes<\/p>\n\t\t<\/div>\n\t\t\n\t\t<a class=\"elementor-post__read-more\" href=\"https:\/\/www.alleswasmichgluecklichmacht.at\/startseite\/unser-erstes-lebkuchenhaus\/\" aria-label=\"Mehr \u00fcber Unser erstes Lebkuchenhaus!\" tabindex=\"-1\">\n\t\t\tWeiterlesen\t\t<\/a>\n\n\t\t\t\t<\/div>\n\t\t\t\t\t<\/div>\n\t\t<\/article>\n\t\t\t\t<article class=\"elementor-post elementor-grid-item post-6012 post type-post status-publish format-standard has-post-thumbnail hentry category-dr-oetker category-kekse category-weihnachten tag-linzer-augen tag-weihnachtskekse\" role=\"listitem\">\n\t\t\t<div class=\"elementor-post__card\">\n\t\t\t\t<a class=\"elementor-post__thumbnail__link\" href=\"https:\/\/www.alleswasmichgluecklichmacht.at\/startseite\/linzer-augen-backen-in-der-weihnachtswerkstatt-von-dr-oetker\/\" tabindex=\"-1\"><div class=\"elementor-post__thumbnail\"><img loading=\"lazy\" decoding=\"async\" width=\"750\" height=\"563\" src=\"https:\/\/www.alleswasmichgluecklichmacht.at\/startseite\/wp-content\/uploads\/2016\/12\/Linzeraugen1-Kopie-768x576.jpg\" class=\"attachment-medium_large size-medium_large wp-image-6015\" alt=\"Linzer Augen Kekse\" srcset=\"https:\/\/www.alleswasmichgluecklichmacht.at\/startseite\/wp-content\/uploads\/2016\/12\/Linzeraugen1-Kopie-768x576.jpg 768w, https:\/\/www.alleswasmichgluecklichmacht.at\/startseite\/wp-content\/uploads\/2016\/12\/Linzeraugen1-Kopie-300x225.jpg 300w, https:\/\/www.alleswasmichgluecklichmacht.at\/startseite\/wp-content\/uploads\/2016\/12\/Linzeraugen1-Kopie-1024x768.jpg 1024w, https:\/\/www.alleswasmichgluecklichmacht.at\/startseite\/wp-content\/uploads\/2016\/12\/Linzeraugen1-Kopie-73x55.jpg 73w, https:\/\/www.alleswasmichgluecklichmacht.at\/startseite\/wp-content\/uploads\/2016\/12\/Linzeraugen1-Kopie.jpg 1632w\" sizes=\"(max-width: 750px) 100vw, 750px\" \/><\/div><\/a>\n\t\t\t\t<div class=\"elementor-post__badge\">Linzer Augen<\/div>\n\t\t\t\t<div class=\"elementor-post__avatar\">\n\t\t\t\t\t<\/div>\n\t\t\t\t<div class=\"elementor-post__text\">\n\t\t\t\t<h3 class=\"elementor-post__title\">\n\t\t\t<a href=\"https:\/\/www.alleswasmichgluecklichmacht.at\/startseite\/linzer-augen-backen-in-der-weihnachtswerkstatt-von-dr-oetker\/\">\n\t\t\t\tLinzer Augen backen in der Weihnachtswerkstatt von Dr. Oetker\t\t\t<\/a>\n\t\t<\/h3>\n\t\t\t\t<div class=\"elementor-post__excerpt\">\n\t\t\t<p>Vor ein paar Tagen habe ich mit Oliver Hoffinger gemeinsam in seinem Kochstudio Linzer Augen f\u00fcr die Dr. Oetker Weihnachtswerkstatt gebacken! Und ich kann Euch sagen, es war ein gro\u00dfer<\/p>\n\t\t<\/div>\n\t\t\n\t\t<a class=\"elementor-post__read-more\" href=\"https:\/\/www.alleswasmichgluecklichmacht.at\/startseite\/linzer-augen-backen-in-der-weihnachtswerkstatt-von-dr-oetker\/\" aria-label=\"Mehr \u00fcber Linzer Augen backen in der Weihnachtswerkstatt von Dr. Oetker\" tabindex=\"-1\">\n\t\t\tWeiterlesen\t\t<\/a>\n\n\t\t\t\t<\/div>\n\t\t\t\t\t<\/div>\n\t\t<\/article>\n\t\t\t\t<article class=\"elementor-post elementor-grid-item post-5978 post type-post status-publish format-standard has-post-thumbnail hentry category-diy category-kinderwelt category-weihnachten tag-adventskalender tag-diy tag-lebenmitkind tag-weihnachten tag-xmas\" role=\"listitem\">\n\t\t\t<div class=\"elementor-post__card\">\n\t\t\t\t<a class=\"elementor-post__thumbnail__link\" href=\"https:\/\/www.alleswasmichgluecklichmacht.at\/startseite\/adventkalender-juhuuuu-das-erste-paeckchen-darf-geoeffnet-werden\/\" tabindex=\"-1\"><div class=\"elementor-post__thumbnail\"><img loading=\"lazy\" decoding=\"async\" width=\"750\" height=\"563\" src=\"https:\/\/www.alleswasmichgluecklichmacht.at\/startseite\/wp-content\/uploads\/2016\/12\/Adventskalender2016_3-768x576.jpg\" class=\"attachment-medium_large size-medium_large wp-image-5983\" alt=\"\" srcset=\"https:\/\/www.alleswasmichgluecklichmacht.at\/startseite\/wp-content\/uploads\/2016\/12\/Adventskalender2016_3-768x576.jpg 768w, https:\/\/www.alleswasmichgluecklichmacht.at\/startseite\/wp-content\/uploads\/2016\/12\/Adventskalender2016_3-300x225.jpg 300w, https:\/\/www.alleswasmichgluecklichmacht.at\/startseite\/wp-content\/uploads\/2016\/12\/Adventskalender2016_3.jpg 1024w, https:\/\/www.alleswasmichgluecklichmacht.at\/startseite\/wp-content\/uploads\/2016\/12\/Adventskalender2016_3-73x55.jpg 73w\" sizes=\"(max-width: 750px) 100vw, 750px\" \/><\/div><\/a>\n\t\t\t\t<div class=\"elementor-post__badge\">Adventskalender<\/div>\n\t\t\t\t<div class=\"elementor-post__avatar\">\n\t\t\t\t\t<\/div>\n\t\t\t\t<div class=\"elementor-post__text\">\n\t\t\t\t<h3 class=\"elementor-post__title\">\n\t\t\t<a href=\"https:\/\/www.alleswasmichgluecklichmacht.at\/startseite\/adventkalender-juhuuuu-das-erste-paeckchen-darf-geoeffnet-werden\/\">\n\t\t\t\tAdventskalender &#8211; juhuuuu das erste P\u00e4ckchen darf ge\u00f6ffnet werden!\t\t\t<\/a>\n\t\t<\/h3>\n\t\t\t\t<div class=\"elementor-post__excerpt\">\n\t\t\t<p>Adventskalender \u00a0&#8211; DIY &#8211; es darf ganz einfach sein! Wie immer habe ich es auch heuer erst wieder auf die letzte Minute geschafft, um den Adventskalender f\u00fcr den Mini fertigzustellen.<\/p>\n\t\t<\/div>\n\t\t\n\t\t<a class=\"elementor-post__read-more\" href=\"https:\/\/www.alleswasmichgluecklichmacht.at\/startseite\/adventkalender-juhuuuu-das-erste-paeckchen-darf-geoeffnet-werden\/\" aria-label=\"Mehr \u00fcber Adventskalender &#8211; juhuuuu das erste P\u00e4ckchen darf ge\u00f6ffnet werden!\" tabindex=\"-1\">\n\t\t\tWeiterlesen\t\t<\/a>\n\n\t\t\t\t<\/div>\n\t\t\t\t\t<\/div>\n\t\t<\/article>\n\t\t\t\t<article class=\"elementor-post elementor-grid-item post-5923 post type-post status-publish format-standard has-post-thumbnail hentry category-diy category-kinderwelt category-sommer category-urlaub tag-bastelnmitkind tag-diy tag-mobile tag-ostsee tag-papierschiffchen\" role=\"listitem\">\n\t\t\t<div class=\"elementor-post__card\">\n\t\t\t\t<a class=\"elementor-post__thumbnail__link\" href=\"https:\/\/www.alleswasmichgluecklichmacht.at\/startseite\/schiff-ahoi-papierchiffmobile-diy\/\" tabindex=\"-1\"><div class=\"elementor-post__thumbnail\"><img loading=\"lazy\" decoding=\"async\" width=\"750\" height=\"563\" src=\"https:\/\/www.alleswasmichgluecklichmacht.at\/startseite\/wp-content\/uploads\/2016\/07\/Papierschiffmobile1-768x576.jpg\" class=\"attachment-medium_large size-medium_large wp-image-5962\" alt=\"\" srcset=\"https:\/\/www.alleswasmichgluecklichmacht.at\/startseite\/wp-content\/uploads\/2016\/07\/Papierschiffmobile1-768x576.jpg 768w, https:\/\/www.alleswasmichgluecklichmacht.at\/startseite\/wp-content\/uploads\/2016\/07\/Papierschiffmobile1-300x225.jpg 300w, https:\/\/www.alleswasmichgluecklichmacht.at\/startseite\/wp-content\/uploads\/2016\/07\/Papierschiffmobile1.jpg 1024w, https:\/\/www.alleswasmichgluecklichmacht.at\/startseite\/wp-content\/uploads\/2016\/07\/Papierschiffmobile1-73x55.jpg 73w\" sizes=\"(max-width: 750px) 100vw, 750px\" \/><\/div><\/a>\n\t\t\t\t<div class=\"elementor-post__badge\">BastelnmitKind<\/div>\n\t\t\t\t<div class=\"elementor-post__avatar\">\n\t\t\t\t\t<\/div>\n\t\t\t\t<div class=\"elementor-post__text\">\n\t\t\t\t<h3 class=\"elementor-post__title\">\n\t\t\t<a href=\"https:\/\/www.alleswasmichgluecklichmacht.at\/startseite\/schiff-ahoi-papierchiffmobile-diy\/\">\n\t\t\t\tSchiff &#8211; Ahoi! Papierschiff Mobile\t\t\t<\/a>\n\t\t<\/h3>\n\t\t\t\t<div class=\"elementor-post__excerpt\">\n\t\t\t<p>Schiff &#8211; ahoi! Alle Mann an Bord! Unser Urlaub ist in Sicht! Zur Einstimmung auf unsren anstehenden Ostsee Urlaub haben wir heute ein Papierschiff-Mobile gebastelt, welches in unser Wohnzimmer etwas<\/p>\n\t\t<\/div>\n\t\t\n\t\t<a class=\"elementor-post__read-more\" href=\"https:\/\/www.alleswasmichgluecklichmacht.at\/startseite\/schiff-ahoi-papierchiffmobile-diy\/\" aria-label=\"Mehr \u00fcber Schiff &#8211; Ahoi! Papierschiff Mobile\" tabindex=\"-1\">\n\t\t\tWeiterlesen\t\t<\/a>\n\n\t\t\t\t<\/div>\n\t\t\t\t\t<\/div>\n\t\t<\/article>\n\t\t\t\t<article class=\"elementor-post elementor-grid-item post-5931 post type-post status-publish format-standard has-post-thumbnail hentry category-sommer category-dr-oetker category-suesses category-torte tag-puddingpulver tag-quark tag-sommer tag-topfen tag-vanille-puddingkuchen tag-vanillepudding tag-vanillesauce\" role=\"listitem\">\n\t\t\t<div class=\"elementor-post__card\">\n\t\t\t\t<a class=\"elementor-post__thumbnail__link\" href=\"https:\/\/www.alleswasmichgluecklichmacht.at\/startseite\/ratz-fatz-topfen-puddingkuchen-mit-fruechten\/\" tabindex=\"-1\"><div class=\"elementor-post__thumbnail\"><img loading=\"lazy\" decoding=\"async\" width=\"750\" height=\"563\" src=\"https:\/\/www.alleswasmichgluecklichmacht.at\/startseite\/wp-content\/uploads\/2016\/07\/Puddingtopfenkuchen4-768x576.jpg\" class=\"attachment-medium_large size-medium_large wp-image-5938\" alt=\"TopfenVanillekuchen\" srcset=\"https:\/\/www.alleswasmichgluecklichmacht.at\/startseite\/wp-content\/uploads\/2016\/07\/Puddingtopfenkuchen4-768x576.jpg 768w, https:\/\/www.alleswasmichgluecklichmacht.at\/startseite\/wp-content\/uploads\/2016\/07\/Puddingtopfenkuchen4-300x225.jpg 300w, https:\/\/www.alleswasmichgluecklichmacht.at\/startseite\/wp-content\/uploads\/2016\/07\/Puddingtopfenkuchen4.jpg 1024w, https:\/\/www.alleswasmichgluecklichmacht.at\/startseite\/wp-content\/uploads\/2016\/07\/Puddingtopfenkuchen4-73x55.jpg 73w\" sizes=\"(max-width: 750px) 100vw, 750px\" \/><\/div><\/a>\n\t\t\t\t<div class=\"elementor-post__badge\">Puddingpulver<\/div>\n\t\t\t\t<div class=\"elementor-post__avatar\">\n\t\t\t\t\t<\/div>\n\t\t\t\t<div class=\"elementor-post__text\">\n\t\t\t\t<h3 class=\"elementor-post__title\">\n\t\t\t<a href=\"https:\/\/www.alleswasmichgluecklichmacht.at\/startseite\/ratz-fatz-topfen-puddingkuchen-mit-fruechten\/\">\n\t\t\t\t&#8222;Ratz-fatz&#8220; Topfen-Vanillekuchen mit Fr\u00fcchten*\t\t\t<\/a>\n\t\t<\/h3>\n\t\t\t\t<div class=\"elementor-post__excerpt\">\n\t\t\t<p>Heute gibt es ein Rezept, das wirklich jeder nachbacken kann! Ihr braucht weder Backprofi noch K\u00fcchenfee zu sein, es ist so simple und gelingt einfach immer. Au\u00dferdem braucht Ihr nicht<\/p>\n\t\t<\/div>\n\t\t\n\t\t<a class=\"elementor-post__read-more\" href=\"https:\/\/www.alleswasmichgluecklichmacht.at\/startseite\/ratz-fatz-topfen-puddingkuchen-mit-fruechten\/\" aria-label=\"Mehr \u00fcber &#8222;Ratz-fatz&#8220; Topfen-Vanillekuchen mit Fr\u00fcchten*\" tabindex=\"-1\">\n\t\t\tWeiterlesen\t\t<\/a>\n\n\t\t\t\t<\/div>\n\t\t\t\t\t<\/div>\n\t\t<\/article>\n\t\t\t\t<\/div>\n\t\t\n\t\t\t\t\t\t<\/div>\n\t\t\t\t<\/div>\n\t\t\t\t\t<\/div>\n\t\t\t\t<\/div>\n\t\t\t\t<\/div>\n\t\t","protected":false},"excerpt":{"rendered":"","protected":false},"author":2,"featured_media":5560,"parent":0,"menu_order":0,"comment_status":"closed","ping_status":"open","template":"page-templates\/full-width.php","meta":{"footnotes":""},"class_list":["post-2","page","type-page","status-publish","has-post-thumbnail","hentry"],"_links":{"self":[{"href":"https:\/\/www.alleswasmichgluecklichmacht.at\/startseite\/wp-json\/wp\/v2\/pages\/2","targetHints":{"allow":["GET"]}}],"collection":[{"href":"https:\/\/www.alleswasmichgluecklichmacht.at\/startseite\/wp-json\/wp\/v2\/pages"}],"about":[{"href":"https:\/\/www.alleswasmichgluecklichmacht.at\/startseite\/wp-json\/wp\/v2\/types\/page"}],"author":[{"embeddable":true,"href":"https:\/\/www.alleswasmichgluecklichmacht.at\/startseite\/wp-json\/wp\/v2\/users\/2"}],"replies":[{"embeddable":true,"href":"https:\/\/www.alleswasmichgluecklichmacht.at\/startseite\/wp-json\/wp\/v2\/comments?post=2"}],"version-history":[{"count":28,"href":"https:\/\/www.alleswasmichgluecklichmacht.at\/startseite\/wp-json\/wp\/v2\/pages\/2\/revisions"}],"predecessor-version":[{"id":9454,"href":"https:\/\/www.alleswasmichgluecklichmacht.at\/startseite\/wp-json\/wp\/v2\/pages\/2\/revisions\/9454"}],"wp:featuredmedia":[{"embeddable":true,"href":"https:\/\/www.alleswasmichgluecklichmacht.at\/startseite\/wp-json\/wp\/v2\/media\/5560"}],"wp:attachment":[{"href":"https:\/\/www.alleswasmichgluecklichmacht.at\/startseite\/wp-json\/wp\/v2\/media?parent=2"}],"curies":[{"name":"wp","href":"https:\/\/api.w.org\/{rel}","templated":true}]}}